, 5*a = 10. Suppose 14 - x = 5*w. Let c = 3 - w. List the prime factors of c.
2
Let u(n) = n**3 - 5*n**2 - 7*n + 3. Let v(a) = a**3 + 9*a**2 + 11*a - 1. Let r be v(-8). Let f = r + 32. What are the prime factors of u(f)?
2, 13
Let l(j) = 6*j**3 - 3*j**2 + 2. Let h be l(1). Suppose -h*a + 618 = -692. What are the prime factors of a?
2, 131
Suppose 0 = -3*t + 5*h + 3777 + 1491, 0 = 2*t - 2*h - 3508. What are the prime factors of t?
17, 103
Suppose -7 = -4*q + 5. Let m be (-76)/28 + 3 - (-80)/14. Suppose q*p = 9, 3*p - m = -4*u + 5*u. List the prime factors of u.
3
Let l be (-3 + 15)*(-3)/(-6). Let p = 10 - l. Suppose -3*x + 42 = 2*b, 2*x - 10 = -p*b + 74. List the prime factors of b.
3, 7
Let c(l) = -l**3 - 3*l**2 + 11*l + 5. Suppose -2*n = -5*n - 21. Let j be c(n). Suppose j = 4*b - 0*b. What are the prime factors of b?
31
Suppose 4*r = 18 - 2. Let t(q) = -q - 7 + r*q + 8*q - q**2 - 2*q. List the prime factors of t(7).
7
Suppose 2*u = -3 + 7. Let f(h) = 2*h**3 + 2*h**2 - h + 4. List the prime factors of f(u).
2, 13
Suppose -344*n + 331*n = -84175. What are the prime factors of n?
5, 7, 37
Let u = -346 - -604. Suppose -3*n + 0*n - u = -3*p, 5*p - 4*n = 425. What are the prime factors of p?
3
Let p(w) = 19*w**2 - 4*w - 24. List the prime factors of p(9).
3, 17, 29
Let d(m) = m - 1. Let r(p) = 84*p + 6. Let u(c) = d(c) - r(c). What are the prime factors of u(-2)?
3, 53
Let h(a) = -a**2 + 11*a + 6. Let y = 29 + -23. Suppose 3 = y*x - 27. What are the prime factors of h(x)?
2, 3
Suppose 0 = -3*r + 4*r - 2. Suppose 2*m - 12 = -a, -r*a = 2*a - 2*m + 2. Suppose 2*x + a*x = -12, -4*s + 4*x = -40. What are the prime factors of s?
7
Let m = -223 + 270. List the prime factors of m.
47
Let u(z) = -z**3 - 11*z**2 + 3*z + 18. Let m be u(-9). Let b = 31 - m. List the prime factors of b.
2, 101
Let w(o) = -13*o**3 - 151*o**2 - 4*o + 5. What are the prime factors of w(-13)?
3, 1033
Let f be (-58 - -1)/(-6 - 258/(-44)). Let m = f - 246. What are the prime factors of m?
2, 43
Let v = -338 - -477. Suppose q = l + 119, q + l + 12 - v = 0. What are the prime factors of q?
3, 41
Suppose 0 = 7*y - y + 18. List the prime factors of 4*35 + (-3)/y.
3, 47
Suppose 31418 = 93*d - 47*d. What are the prime factors of d?
683
Suppose 0 = 3*u + 3*m - 18, 0*u - m = -2*u + 3. Suppose -u*s - 5*v + 89 = 0, v + 7 = 2*s - 35. What are the prime factors of s*(0 + 3 + -2)?
23
Let n(d) = -d**2 + 20*d - 6. Let c be n(11). Suppose w - s = c, 2*w + 5*s - 283 + 83 = 0. Suppose -w = -0*h - 5*h. What are the prime factors of h?
19
Suppose -23*o + 8265 = -4*o. What are the prime factors of o?
3, 5, 29
Let j(d) be the first derivative of d**2 + 15*d + 4. List the prime factors of j(7).
29
Suppose 826 = -3*o + 16. Let u = -166 - o. What are the prime factors of u?
2, 13
Let v be 4 - (-2)/(0 - 2). Suppose -w = -v*w + 206. List the prime factors of w.
103
Let i(o) = -o**2 + 9*o - 5. Let n be i(6). Suppose 5*u - 262 = 3*y - n, -4*y + 132 = 3*u. What are the prime factors of u?
2, 3
Let m(p) = -p**3 - 9*p**2 - 3*p + 25. Let y be m(-8). List the prime factors of (-1278)/(-5) - y/(-25).
3, 5, 17
Suppose -8*k + 1456 + 1976 = 0. List the prime factors of k.
3, 11, 13
Let x(a) = a**3 - 9*a**2 - 11*a - 31. What are the prime factors of x(12)?
269
Suppose -6 = 4*q + a - 14, 4*q - 8 = 3*a. Suppose -68 = -q*c - 2*g, 4*c = 2*c - g + 65. What are the prime factors of c?
31
Suppose 4*r - 4*p + 44 = 0, -3 = r + p + 2. List the prime factors of (-132)/r*(-8)/(-12).
11
Suppose 5*p + 26 = 3*x + 122, x = -2*p + 34. Let a = -25 + p. Let z = 17 + a. What are the prime factors of z?
2, 5
Suppose 5*n - 92 - 78 = 0. Suppose 19 = z + 4*y, 0*y + n = 4*z - 5*y. What are the prime factors of z?
11
Let v be 1/(1 + 0/(-6)). Let l(u) = -1 - 2*u**3 + 31*u**3 - u + 2. List the prime factors of l(v).
29
Suppose -2*f = -4*y + 206, 2*y = 3*f + 6*y + 359. Let n = f - -366. List the prime factors of n.
11, 23
Let d be ((-5)/10)/(1/(-628)). Let l = d + -222. What are the prime factors of l?
2, 23
Let c be -7 + 8/4 - -8. Suppose 4*q = 12, -c*r - 4*q - 309 = -6*r. List the prime factors of r.
107
Let c = 643 - 371. List the prime factors of c.
2, 17
What are the prime factors of (-14)/(-2) - (-74 + -1769)?
2, 5, 37
Let b(w) be the first derivative of -35*w**2/2 + 7*w - 29. List the prime factors of b(-4).
3, 7
List the prime factors of (-45 - -43)*(1094/4)/(-1).
547
Suppose -5*h = -s + 226 - 4726, 4*s + 3616 = 4*h. What are the prime factors of h?
29, 31
Let b(q) = -q**2 - 4*q + 4. Let v be b(-4). Suppose -v*u + 6 = -10. Suppose -8 = 3*h - u*h. What are the prime factors of h?
2
Let y be 1724/18 + 0 - 28/(-126). Suppose -q = -140 - y. List the prime factors of q.
2, 59
Let s be (8/(-1 - 0))/1. Let n be 10/s*-46*2. Suppose -4*o = 5*j - 9*o - n, -2*j + 4*o = -54. What are the prime factors of j?
19
Let t(u) be the first derivative of 3*u**2/2 - 15*u - 9. What are the prime factors of t(23)?
2, 3
Suppose -u = 4*u. Suppose -z = -u*z. Suppose 0 = -z*n + n - 76. What are the prime factors of n?
2, 19
Let f(g) = -g**3 + 4*g**2 - g - 4. Let x = -18 - -22. Suppose x*n = 5*n - 3. List the prime factors of f(n).
2
Let a(b) = -12*b + 4*b + 7 - 4*b. List the prime factors of a(-7).
7, 13
Suppose c = -5*u + 28 + 5, 5*u = c + 17. List the prime factors of 2/c - 1140/(-48).
2, 3
List the prime factors of (78/5)/((-55)/(-6600)).
2, 3, 13
Let w = 1811 - 1271. List the prime factors of w.
2, 3, 5
Let a be 1/1*(-7 + 21). What are the prime factors of (0 - 10)*a/(-4)?
5, 7
Suppose -94 = -v + 57. Suppose 3*u - q - 413 = 0, u - 3*q + 0 - v = 0. What are the prime factors of u?
2, 17
Let s = 318 - 119. List the prime factors of s.
199
Suppose 0*z = 2*z - o - 141, -z + 3*o + 83 = 0. Suppose 2*u - 52 = z. What are the prime factors of u?
2, 3, 5
Suppose 5*o + 18 = 2*j - j, -4*j + 26 = 3*o. Suppose 0 = -3*f - j + 74. What are the prime factors of f?
2, 11
Suppose -3*x - 5*c + 216 = -59, x + 4*c = 101. Let g = -65 + x. List the prime factors of g.
2, 5
Suppose -5*p + 20 = 0, -2*p + 526 = -2*r - 152. Let q = r - -598. Suppose o = -5, -4*o = -4*d - o + q. What are the prime factors of d?
2, 31
Let i(p) be the first derivative of -3/2*p**2 + 13*p + 3*p**3 + 1/4*p**4 + 2. List the prime factors of i(-9).
2, 5
What are the prime factors of 1*3/6 + 22390/20?
2, 5, 7
Let j(p) = p**2 - 3*p + 6. Let b be j(9). List the prime factors of 855/b*(5 - 1).
3, 19
Suppose -k = l, -3*k = l - 1 + 3. List the prime factors of (-920)/(-4 - l) - (-3)/(-1).
181
Let g(r) = 4*r**2 - r - 1 + 16*r**2 + 5*r**2. List the prime factors of g(-1).
5
Let b = 798 + -201. What are the prime factors of b?
3, 199
Let s = -18 + 20. Suppose 156 = 4*a + 4*n, s*a + n - 98 = -15. What are the prime factors of a?
2, 11
Let o(s) = -991 - 2*s + 980 - 8*s - 3*s**2 + 9*s**2. What are the prime factors of o(5)?
89
Suppose -3*x = -3, 0*z - 5 = 2*z - 5*x. Suppose z = -7*p + 76 - 6. List the prime factors of p.
2, 5
Let t = -105 - -95. Let k(p) = p**3 + 3*p**2 - 3*p - 4. Let a be k(-4). What are the prime factors of (a/t)/(1/20)?
2
Suppose w + 3*t + 2 = 1, 4*t + 8 = 0. Suppose w*v + o - 20 = 0, 2*v = -v - 3*o + 12. Suppose -48 = -v*u - 4. What are the prime factors of u?
11
Let n be -1 + (-4)/(6/(-3)). What are the prime factors of 5 + 243 + 3 + n?
2, 3, 7
Suppose -4*f - 5*n + 29 = 0, -2*f = -7*f - 4*n + 34. Suppose -3*x + f*x = 711. List the prime factors of x.
3, 79
Let w(b) = -b**2 + 13*b - 10. Suppose -5*i + 4*i = -12. Let y be w(i). Suppose -y*d + 6 + 34 = 0. List the prime factors of d.
2, 5
Let k(t) = 4*t + 16*t**2 - t - 7*t**2 + 1. Let b be k(-4). Let s = -90 + b. List the prime factors of s.
43
Suppose 15 = -h + 4*w, 4*h - 2*h - 14 = -3*w. Let z = 6 + h. Suppose z*c - 2*c = -4*x + 62, 4*x = 5*c + 42. List the prime factors of x.
13
Suppose -f + 1806 = 4*g, f + 1354 = 3*g + 2*f. Suppose 0*a = 4*a - g. What are the prime factors of a?
113
Let j(b) = -3*b + 64. Let w be j(20). Suppose 4*t - 728 = -2*i, 3*t - w*i - 546 = -0*t. What are the prime factors of t?
2, 7, 13
Let u be (-156)/(-42) - (-4)/14. Suppose u*o = -3*o + 357. List the prime factors of o.
3, 17
Let b = -32 + 36. Suppose -w + b*w - 5*l = 186, -w + 64 = -l. List the prime factors of w.
67
Suppose -3*j = 3*b - 6*j - 1671, j + 1113 = 2*b. List t